-13))
-50
Calculate (103 - 46) + -2 + (-6 - -3) + -1 + -12.
39
(9 - (-33 - -44)) + (35 - -32)
65
Calculate (87 - (0 + 68)) + -88.
-69
(2 - 19) + 17 + -8 + 0 - -36
28
What is -6 + 3 + 37 + 29 + 4?
67
What is -1 + 8 + (0 + 0 - 5 - (-5 - -18))?
-11
What is the value of 660 + -705 - (-17 - 0)?
-28
What is -2 + -2 - (1739 + -1829)?
86
What is (-458 - -214 - -229) + (1 - 3 - (-21 - 5))?
9
-3 - 3 - (-10 - (-11 + 11 + -5) - -47)
-48
What is 21 + -23 + 2 + (6 - 6)?
0
What is (-20 - 1) + (209 - 206) - -65?
47
What is the value of (0 + 3 - -15) + (-67 - -57) + 3?
11
What is the value of -2949 + 2856 + -2 + 33 + -2?
-64
9 + -16 + 33 + -19
7
What is the value of (499 - 531) + (47 - -2) + (-7 - (-3 + 2))?
11
What is the value of -84 - -30 - -21 - -40?
7
What is -6 - (-16 - -1) - 17 - 17?
-25
336 - 320 - (6 + 1) - 15
-6
Evaluate (-1 - -1 - (-10 + -2)) + (126 - 132) + 14.
20
-494 + 533 + (4 - (-5 + 6) - 0)
42
Calculate -153 - (-124 + (65 - 24)).
-70
What is the value of 16 + (-122 - -1) + (23 + 3 + -38 - -18)?
-99
What is the value of 192 - 172 - (-6 - (-19 + 5) - -6)?
6
Calculate 13 + -24 - -10 - 2 - 131.
-134
What is the value of (20 + -48 - -38) + 28?
38
Calculate (58 + -63 - (4 + 4)) + -17.
-30
(-31 - 11) + 353 + -329
-18
Evaluate 39 - ((75 - 55) + -28).
47
(17 - -20) + (-4 - (-30 - -31 - (-6 - 1)))
25
Evaluate (-1 - 69) + (11 - 37) + 10 + 4.
-82
What is (7 - 35) + -395 + 418?
-5
Evaluate (-8 - (39 + -44)) + -15.
-18
Evaluate -32 + (7 - 18) + 55.
12
What is 6 - (-4 + 1 - 8 - (-46 + 3 - -6))?
-20
What is -44 + 72 + -38 + (3 - -55)?
48
Evaluate -5 - (-22 + 5 - 1) - (-18 - 45 - -51).
25
Evaluate 8 + 87 + -8 + -19.
68
-59 + (103 - 25) - (4 + -37)
52
What is -29 + -5 + 3 + 455 + -454?
-30
Calculate -3652 - -3871 - (159 + 1).
59
Evaluate (23 - (43 + 23 - 22)) + -3 + -5.
-29
Evaluate -56 - (5 - (1 + (0 - -15))).
-45
Calculate (2671 - 2562) + -12 + -1.
96
What is (-115 - (-233 + 149)) + (62 - -2)?
33
What is 4 + 10 + 0 - (1058 - 966)?
-78
What is 69 - (86 + -66) - 85?
-36
(-2 - 66) + (-8 - -16 - (-3 + 6 - -3))
-66
Calculate -22 + (-33 - (30 - 95)) + 25.
35
Calculate 24 + 12 + 0 + 254 + -253.
37
What is the value of 71 + (8 - 81) + (1 - 54) + (-3 - -1)?
-57
Calculate (-74 + 80 - (-2 + -1 + 0)) + 45.
54
What is the value of -2 + (41 - 16) + -68?
-45
Evaluate (83 - 60) + -75 + -2 + -16.
-70
Calculate (-8 + -1 - (-5 + -29 + 23)) + 63.
65
Evaluate -29 + (0 - (-2 + (7 - -7) + -11)).
-30
27 - 59 - (3 + 1 - (25 + -1 + -25))
-37
What is -50 - (9 + -1 + (52 - 76) - -7)?
-41
Calculate 1322 + -1396 + 8 + -6.
-72
Calculate 12 - 1 - (-30 + 18 + 27 - (14 + 1)).
11
What is (11 - -8) + (-5 - (-18 + (12 - 2) + -3))?
25
Calculate 38 - (17 - -32 - 34) - 132.
-109
Calculate -45 - (-12 + 12 + -8) - (-7 + 5) - 7.
-42
What is 18 + -15 + 3 + -2 + -23?
-19
What is the value of 17 + (38 - 15 - 43) + 4 + 107?
108
Evaluate (-31 - 50 - -22) + 18.
-41
What is the value of (20 - 8 - -2) + (-6 - -17 - 106)?
-81
Evaluate 1 + (-94 - -20) - -29.
-44
What is the value of (-7 - (-4 - (22 + (12 - 21))) - 25) + -38?
-53
Calculate -7 + 10 - -71 - (-166 - -162).
78
Calculate (-16 - -27) + -9 + (-47 - -32).
-13
Calculate -2839 - -2843 - (13 + -1 + 0).
-8
Calculate (-109 - (-43 - 0)) + 11.
-55
Evaluate 77 - ((111 - 104) + 84).
-14
What is -36 - (35 + -44) - 10?
-37
Evaluate (-75 - 0) + 131 + 82 + -249.
-111
Evaluate 7 - (-16 + -16 - -1) - -12.
50
Evaluate -22 - ((-15 - 2) + 184 + -194).
5
What is the value of (-6 - -9) + -12 + -26 + 12?
-23
What is the value of -15 + (60 - (-5 + (16 - -9 - 6)))?
31
What is -23 + -41 + 70 - 90?
-84
What is the value of 3 + -19 + -10 + -3 - 29?
-58
28 - -57 - (6 + -9 + (-15 - -4))
99
Evaluate -4 + -17 + (-65 - -38) + 38.
-10
Evaluate 0 - (-49 - -4) - (-1 + (-9 + -5 - -25)).
35
(-130 - (60 + -193)) + 81
84
Evaluate -1 - -51 - -2 - (-141 - (52 + -178)).
67
What is (18 - 1 - 57) + -26 + 8 + (-13 - -17)?
-54
0 - -1 - 86 - (4430 + -4447)
-68
What is the value of 105 - (-95 - (-143 - 147))?
-90
7 + (39 - -16) - 107
-45
What is (0 + -9 - -35) + -18 - -21?
29
Calculate (-21 + -3 - -7) + 19.
2
Calculate 754 + -753 + (1 - 43) - 17.
-58
What is the value of 16 + -19 - (5 + -6 - 1 - -1)?
-2
-101 + -24 + (-32 - (-31 - 42))
-84
Calculate (2 - -2 - (1 - -1)) + (-22741 - -22756).
17
Evaluate -11 + (56 + -29 - 51).
-35
What is 26 - ((-22 + -5 + 1 - -1) + 0 + 15)?
36
Calculate 41 - ((-14 - -23 - (0 + 3)) + -21).
56
Calculate -6 - (-20 + 29) - (8 + -15).
-8
Evaluate 16 + -8 + 43 + (-24 - -3).
30
What is the value of -10 + (-30 - (-6 + (3 + 8 - 15)))?
-30
What is (0 - (8 - 2)) + (-129 - (-5 + -2) - -20)?
-108
-1 + -5 + 4 + 46 + 39 + -36
47
What is the value of (-31 - (-45 + 35)) + 33?
12
Evaluate -53 + (-2 - (-12 - 9) - 7) + -4.
-45
Calculate (0 - -4) + (4 + -8 + -5 + 23 - 5).
13
Evaluate 604 + -649 + (17 - 0).
-28
What is the value of (-13 - (16 + -25)) + 41 + (29 - 45)?
21
Evaluate -92 + 112 + -78 - -11.
-47
-121 + 28 + 7 + -6 + 41
-51
Calculate 261 + -255 + (-1 - -7) + -5 + (-3 - 1).
3
(-32 - -76 - -28) + -98
-26
What is -18 - (-6 + 3 + -7 + 14)?
-22
Evaluate (-1 - (4 - 20)) + -9 + -12 + 12 + 13.
19
What is -19 + 31 + 34 - 69?
-23
Calculate (6 + (12 - 45) - -13) + -61.
-75
Calculate -51 + -30 + (-4 - -42).
-43
What is the value of 7 + 30 - (-27 - 27)?
91
Calculate -1 + 40 + (-36 - 38) + -31.
-66
Calculate 0 + -12 + (11 - (59 - 44)) + (-93 - -1).
-108
Evaluate (1 - (-5 + -3 - (-18 - -31))) + (5 - 16).
11
Calculate 17 + (-14 - 26) + -3 + 27.
1
Evaluate 3 + 0 + 5 + -34 + (-5 - -2).
-29
(-2 + 12 - 9) + -47 + 11
-35
(-4 + 7 + -10 + 0 - -1) + -19
-25
What is (-5 - -50) + -57 - -66?
54
-115 + 91 + 29 + -34
-29
-1080 - -1090 - (23 + 1 + -2)
-12
What is (19 - 3) + -6 + (12 - (-34 - -30))?
26
-46 + (-27 + 51 - 10)
-32
What is -31 - ((0 - 4) + (-61 - -55) + 7)?
-28
What is 57 - 59 - (10 + (0 + -2 - (1 + 2)))?
-7
Calculate -6 + -1 + 50 + 4 + -17.
30
Evaluate 39 + 28 + -28 + 5.
44
What is -104 + (5 - 33) + 16?
-116
(-20 - -2) + 21 + -13 + -22 + 16
-16
What is (-271 - -268) + (-6 - -4 - 13) - -110?
92
What is 82 + -55 + 31 + -16?
42
What is the value of -1567 + 1560 - (0 - 10)?
3
What is 2 - 3 - (51 + -10) - (-75 - -63)?
-30
Evaluate (-2288 - -2298) + (2 - (-1 - 15)).
28
Evaluate (-17 - -26 - 0) + -12 + (0 - -1).
-2
206 - (67 - -57) - (28 - -4)
50
Evaluate (68 - (-9 - -52)) + (-86 - -5).
-56
Evaluate -29 + (-23 - (-105 + 26)).
27
-444 + 407 + 31 + 5 - (134 - (-1 + 0))
-136
209 - -35 - 83 - 146
15
Evaluate 98 + (48 - 42) + -85.
19
Calculate -68 + -1 - (-4909 + 4840).
0
Evaluate -7 + 6 - -57 - (-11 + 8 + -4 + 9).
54
132 + -189 + (-79 - -151)
15
Calculate -58 + (-5 - -36) + 4 - -25.
2
What is -82 + 116 + (1 - 15)?
20
What is -52 + 120 + -47 + 2?
23
What is -82 - (3 - (-19 - (-39 + -7 + 14)))?
-72
Evaluate 6 + -4 + (-6 - -5) + 4 + 1 - -14.
20
What is the value of -107 + 91 - -107 - ((4 - -3) + -2)?
86
Evaluate (-30 - -7) + 10 + (6 + 5 - -5) + -117.
-114
Evaluate (6 - 114) + (97 - 125) - (-13 + (-4 - -5)).
-124
What is 150 + (-135 - -197 - 142)?
70
-21 + -2 + (74 - -34) + -29
56
Calculate -31 + (-2 - 15 - (-23 - -19)).
-44
What is (0 + 1 - 4) + 13 + -265 + 251?
-4
What is (60 - 3) + 16 + -19 + 10 + -17?
47
-33 + -35 - (-2 + 3 + (8 - (-6 + 9)))
-74
What is the value of 0 + -6 - (17 - ((-10 + 22 - 14) + -12))?
-37
What is the value of 41 - 1 - (-9636 - -9637)?
39
What is 2 - (24 - (38 + (-71 - -33) - (3 + -1)))?
-24
Calculate 22 + 0 + (-11 - (-26 - -81)).
-44
Evaluate 14 + (51 - (2 + 25)).
38
-3 + (-2 - (15 + -21)) + -29
-28
What is the value of -10 - ((4 - 2 - 19) + (-114 - -128))?
-7
What is the value of (-6 - 4) + 5 + (-16 + -10 - -17)?
-14
What is 8 + (6 + 7 - -56 - (5 - (-4 + 1)))?
69
What is 46 + -53 + 3 + 29?
25
Evaluate 115 + -213 + 109 + -50 + -1.
-40
69 + -32 + -43 + 7 + 0 - 4
-3
Calculate ((4 - 6) + 2 - -10) + (4 - -7 - -22).
43
What is 25 - (-1 + 3) - (-349 + 195 - -144)?
33
Evaluate 49 + 1 + -21 + 0 + 47 + -25.
51
What is the value of 64 - (29 + 54 - 34)?
15
Evaluate 5 - ((-4 - -2) + -2 + -586 + 603).
-8
Evaluate -44 - (54 + -29 + -97) - -75.
103
What is the value of -29 + (-16 - (-4 + 1)) + 6 + (-44 - -45)?
-35
Calculate -42 + 22 - -43 - 32.
-9
Calculate 0 - 72 - (1241 + -1286).
-27
What is the value of -4 + -1 - 0 - (141 + -148) - (-3 + 1)?
4
22 + -13 + -10 + -13 + 0 - -159
145
143 + -111 - (